y 35?
4
What is the remainder when 272 is divided by 263?
9
Calculate the remainder when 102 is divided by 3.
0
Calculate the remainder when 251 is divided by 97.
57
Calculate the remainder when 553 is divided by 80.
73
Calculate the remainder when 27 is divided by 20.
7
Calculate the remainder when 703 is divided by 217.
52
What is the remainder when 2559 is divided by 16?
15
What is the remainder when 356 is divided by 51?
50
Calculate the remainder when 203 is divided by 21.
14
Calculate the remainder when 5287 is divided by 10.
7
What is the remainder when 1227 is divided by 30?
27
What is the remainder when 94 is divided by 4?
2
What is the remainder when 103 is divided by 65?
38
Calculate the remainder when 67 is divided by 18.
13
What is the remainder when 91 is divided by 81?
10
What is the remainder when 230 is divided by 29?
27
What is the remainder when 15 is divided by 4?
3
What is the remainder when 34 is divided by 20?
14
What is the remainder when 428 is divided by 106?
4
Calculate the remainder when 218 is divided by 91.
36
What is the remainder when 1159 is divided by 58?
57
What is the remainder when 294 is divided by 48?
6
Calculate the remainder when 7562 is divided by 194.
190
Calculate the remainder when 301 is divided by 41.
14
Calculate the remainder when 102 is divided by 12.
6
Calculate the remainder when 103 is divided by 53.
50
What is the remainder when 139 is divided by 30?
19
What is the remainder when 3011 is divided by 116?
111
Calculate the remainder when 197 is divided by 25.
22
What is the remainder when 5117 is divided by 638?
13
Calculate the remainder when 119 is divided by 12.
11
What is the remainder when 1968 is divided by 76?
68
What is the remainder when 193 is divided by 49?
46
What is the remainder when 28 is divided by 8?
4
What is the remainder when 499 is divided by 71?
2
Calculate the remainder when 6 is divided by 2.
0
What is the remainder when 159 is divided by 9?
6
Calculate the remainder when 2066 is divided by 294.
8
What is the remainder when 447 is divided by 64?
63
What is the remainder when 237 is divided by 145?
92
What is the remainder when 430 is divided by 109?
103
What is the remainder when 2283 is divided by 27?
15
What is the remainder when 204 is divided by 51?
0
What is the remainder when 36 is divided by 15?
6
What is the remainder when 213 is divided by 201?
12
Calculate the remainder when 1993 is divided by 284.
5
What is the remainder when 831 is divided by 275?
6
What is the remainder when 1080 is divided by 534?
12
Calculate the remainder when 50221 is divided by 4.
1
What is the remainder when 674 is divided by 164?
18
Calculate the remainder when 221 is divided by 21.
11
What is the remainder when 655 is divided by 22?
17
Calculate the remainder when 99 is divided by 28.
15
What is the remainder when 405 is divided by 187?
31
What is the remainder when 331 is divided by 37?
35
Calculate the remainder when 219 is divided by 35.
9
Calculate the remainder when 218 is divided by 101.
16
What is the remainder when 2933 is divided by 134?
119
Calculate the remainder when 226 is divided by 61.
43
What is the remainder when 251 is divided by 23?
21
Calculate the remainder when 98 is divided by 15.
8
What is the remainder when 75 is divided by 16?
11
Calculate the remainder when 779 is divided by 39.
38
What is the remainder when 258 is divided by 13?
11
Calculate the remainder when 512 is divided by 12.
8
What is the remainder when 163 is divided by 5?
3
Calculate the remainder when 96 is divided by 11.
8
Calculate the remainder when 1871 is divided by 104.
103
What is the remainder when 320 is divided by 135?
50
What is the remainder when 13119 is divided by 162?
159
Calculate the remainder when 1397 is divided by 7.
4
Calculate the remainder when 3293 is divided by 61.
60
Calculate the remainder when 97 is divided by 10.
7
Calculate the remainder when 64 is divided by 24.
16
What is the remainder when 89 is divided by 9?
8
What is the remainder when 878 is divided by 295?
288
What is the remainder when 101 is divided by 21?
17
What is the remainder when 2610 is divided by 67?
64
What is the remainder when 203 is divided by 47?
15
What is the remainder when 81 is divided by 52?
29
Calculate the remainder when 228 is divided by 41.
23
What is the remainder when 510 is divided by 494?
16
Calculate the remainder when 303 is divided by 38.
37
Calculate the remainder when 57 is divided by 10.
7
What is the remainder when 149 is divided by 10?
9
Calculate the remainder when 2820 is divided by 235.
0
Calculate the remainder when 109 is divided by 39.
31
Calculate the remainder when 153 is divided by 44.
21
Calculate the remainder when 128 is divided by 33.
29
Calculate the remainder when 25 is divided by 18.
7
Calculate the remainder when 237 is divided by 20.
17
Calculate the remainder when 187 is divided by 10.
7
Calculate the remainder when 174 is divided by 93.
81
Calculate the remainder when 8796 is divided by 80.
76
What is the remainder when 2894 is divided by 4?
2
What is the remainder when 3777 is divided by 63?
60
Calculate the remainder when 358 is divided by 189.
169
What is the remainder when 161 is divided by 42?
35
Calculate the remainder when 42 is divided by 31.
11
Calculate the remainder when 234 is divided by 60.
54
What is the remainder when 99 is divided by 26?
21
Calculate the remainder when 59 is divided by 23.
13
What is the remainder when 71 is divided by 4?
3
Calculate the remainder when 2258 is divided by 26.
22
What is the remainder when 1005 is divided by 21?
18
Calculate the remainder when 44 is divided by 5.
4
What is the remainder when 3822 is divided by 45?
42
What is the remainder when 318 is divided by 109?
100
Calculate the remainder when 32 is divided by 22.
10
Calculate the remainder when 298 is divided by 62.
50
Calculate the remainder when 234 is divided by 220.
14
Calculate the remainder when 146 is divided by 31.
22
What is the remainder when 4558 is divided by 97?
96
Calculate the remainder when 47 is divided by 40.
7
Calculate the remainder when 373 is divided by 34.
33
Calculate the remainder when 106 is divided by 16.
10
Calculate the remainder when 237 is divided by 53.
25
What is the remainder when 201 is divided by 19?
11
What is the remainder when 7718 is divided by 198?
194
What is the remainder when 128 is divided by 68?
60
Calculate the remainder when 39 is divided by 22.
17
What is the remainder when 383 is divided by 365?
18
What is the remainder when 555 is divided by 108?
15
What is the remainder when 1627 is divided by 37?
36
What is the remainder when 153 is divided by 11?
10
What is the remainder when 409 is divided by 374?
35
What is the remainder when 416 is divided by 91?
52
What is the remainder when 5128 is divided by 95?
93
Calculate the remainder when 732 is divided by 255.
222
Calculate the remainder when 555 is divided by 521.
34
Calculate the remainder when 329 is divided by 30.
29
Calculate the remainder when 29177 is divided by 5.
2
Calculate the remainder when 337 is divided by 85.
82
Calculate the remainder when 592 is divided by 9.
7
What is the remainder when 1993 is divided by 95?
93
Calculate the remainder when 87 is divided by 43.
1
Calculate the remainder when 528 is divided by 9.
6
Calculate the remainder when 617 is divided by 69.
65
Calculate the remainder when 83 is divided by 67.
16
What is the remainder when 1702 is divided by 341?
338
What is the remainder when 939 is divided by 56?
43
Calculate the remainder when 36 is divided by 36.
0
Calculate the remainder when 146 is divided by 21.
20
Calculate the remainder when 1741 is divided by 194.
189
What is the remainder when 683 is divided by 216?
35
Calculate the remainder when 85 is divided by 24.
13
What is the remainder when 1046 is divided by 371?
304
What is the remainder when 609 is divided by 24?
9
What is the remainder when 125 is divided by 28?
13
What is the remainder when 58 is divided by 31?
27
Calculate the remainder when 493 is divided by 99.
97
Calculate the remainder when 2115 is divided by 162.
9
What is the remainder when 2538 is divided by 11?
8
What is the remainder when 1364 is divided by 42?
20
Calculate the remainder whe